{"id":73,"date":"2021-06-09T08:05:24","date_gmt":"2021-06-09T08:05:24","guid":{"rendered":"https:\/\/shtheme.org\/demosd\/carly\/?page_id=73"},"modified":"2024-10-29T06:17:25","modified_gmt":"2024-10-29T06:17:25","slug":"contacto","status":"publish","type":"page","link":"https:\/\/www.ilmlatam.com\/demo\/contacto\/","title":{"rendered":"Contacto"},"content":{"rendered":"\t\t<div data-elementor-type=\"wp-page\" data-elementor-id=\"73\" class=\"elementor elementor-73\" data-elementor-post-type=\"page\">\n\t\t\t\t\t\t<section class=\"elementor-section elementor-top-section elementor-element elementor-element-b8fc918 elementor-section-boxed elementor-section-height-default elementor-section-height-default\" data-id=\"b8fc918\" data-element_type=\"section\" data-e-type=\"section\">\n\t\t\t\t\t\t<div class=\"elementor-container elementor-column-gap-default\">\n\t\t\t\t\t<div class=\"elementor-column elementor-col-100 elementor-top-column elementor-element elementor-element-065a54e\" data-id=\"065a54e\" data-element_type=\"column\" data-e-type=\"column\">\n\t\t\t<div class=\"elementor-widget-wrap elementor-element-populated\">\n\t\t\t\t\t\t<div class=\"elementor-element elementor-element-f015e2e elementor-widget elementor-widget-spacer\" data-id=\"f015e2e\" data-element_type=\"widget\" data-e-type=\"widget\" data-widget_type=\"spacer.default\">\n\t\t\t\t<div class=\"elementor-widget-container\">\n\t\t\t\t\t\t\t<div class=\"elementor-spacer\">\n\t\t\t<div class=\"elementor-spacer-inner\"><\/div>\n\t\t<\/div>\n\t\t\t\t\t\t<\/div>\n\t\t\t\t<\/div>\n\t\t\t\t\t<\/div>\n\t\t<\/div>\n\t\t\t\t\t<\/div>\n\t\t<\/section>\n\t\t\t\t<section class=\"elementor-section elementor-top-section elementor-element elementor-element-08ee1c2 elementor-section-full_width elementor-section-height-default elementor-section-height-default\" data-id=\"08ee1c2\" data-element_type=\"section\" data-e-type=\"section\">\n\t\t\t\t\t\t<div class=\"elementor-container elementor-column-gap-no\">\n\t\t\t\t\t<div class=\"elementor-column elementor-col-100 elementor-top-column elementor-element elementor-element-76a6e02\" data-id=\"76a6e02\" data-element_type=\"column\" data-e-type=\"column\">\n\t\t\t<div class=\"elementor-widget-wrap elementor-element-populated\">\n\t\t\t\t\t\t<div class=\"elementor-element elementor-element-178e3f2 elementor-widget elementor-widget-heading\" data-id=\"178e3f2\" data-element_type=\"widget\" data-e-type=\"widget\" data-widget_type=\"heading.default\">\n\t\t\t\t<div class=\"elementor-widget-container\">\n\t\t\t\t\t<h2 class=\"elementor-heading-title elementor-size-default\">Conversemos<\/h2>\t\t\t\t<\/div>\n\t\t\t\t<\/div>\n\t\t\t\t\t<\/div>\n\t\t<\/div>\n\t\t\t\t\t<\/div>\n\t\t<\/section>\n\t\t\t\t<section class=\"elementor-section elementor-top-section elementor-element elementor-element-f4897c2 elementor-section-boxed elementor-section-height-default elementor-section-height-default\" data-id=\"f4897c2\" data-element_type=\"section\" data-e-type=\"section\">\n\t\t\t\t\t\t<div class=\"elementor-container elementor-column-gap-default\">\n\t\t\t\t\t<div class=\"elementor-column elementor-col-100 elementor-top-column elementor-element elementor-element-b63cb48\" data-id=\"b63cb48\" data-element_type=\"column\" data-e-type=\"column\">\n\t\t\t<div class=\"elementor-widget-wrap elementor-element-populated\">\n\t\t\t\t\t\t<div class=\"elementor-element elementor-element-62fda90 elementor-widget elementor-widget-spacer\" data-id=\"62fda90\" data-element_type=\"widget\" data-e-type=\"widget\" data-widget_type=\"spacer.default\">\n\t\t\t\t<div class=\"elementor-widget-container\">\n\t\t\t\t\t\t\t<div class=\"elementor-spacer\">\n\t\t\t<div class=\"elementor-spacer-inner\"><\/div>\n\t\t<\/div>\n\t\t\t\t\t\t<\/div>\n\t\t\t\t<\/div>\n\t\t\t\t\t<\/div>\n\t\t<\/div>\n\t\t\t\t\t<\/div>\n\t\t<\/section>\n\t\t\t\t<section class=\"elementor-section elementor-top-section elementor-element elementor-element-3c273c7 elementor-section-full_width elementor-section-height-default elementor-section-height-default\" data-id=\"3c273c7\" data-element_type=\"section\" data-e-type=\"section\">\n\t\t\t\t\t\t<div class=\"elementor-container elementor-column-gap-no\">\n\t\t\t\t\t<div class=\"elementor-column elementor-col-100 elementor-top-column elementor-element elementor-element-61c0f28\" data-id=\"61c0f28\" data-element_type=\"column\" data-e-type=\"column\">\n\t\t\t<div class=\"elementor-widget-wrap elementor-element-populated\">\n\t\t\t\t\t\t<div class=\"elementor-element elementor-element-c367f93 elementor-widget elementor-widget-heading\" data-id=\"c367f93\" data-element_type=\"widget\" data-e-type=\"widget\" data-widget_type=\"heading.default\">\n\t\t\t\t<div class=\"elementor-widget-container\">\n\t\t\t\t\t<h2 class=\"elementor-heading-title elementor-size-default\"><h5>\u00a1Estamos emocionados de conectar contigo y explorar c\u00f3mo podemos colaborar!<\/h2>\t\t\t\t<\/div>\n\t\t\t\t<\/div>\n\t\t\t\t\t<\/div>\n\t\t<\/div>\n\t\t\t\t\t<\/div>\n\t\t<\/section>\n\t\t\t\t<section class=\"elementor-section elementor-top-section elementor-element elementor-element-d089b36 elementor-section-full_width elementor-section-height-default elementor-section-height-default\" data-id=\"d089b36\" data-element_type=\"section\" data-e-type=\"section\">\n\t\t\t\t\t\t<div class=\"elementor-container elementor-column-gap-no\">\n\t\t\t\t\t<div class=\"elementor-column elementor-col-100 elementor-top-column elementor-element elementor-element-02d76fa\" data-id=\"02d76fa\" data-element_type=\"column\" data-e-type=\"column\">\n\t\t\t<div class=\"elementor-widget-wrap elementor-element-populated\">\n\t\t\t\t\t\t<div class=\"elementor-element elementor-element-96a0e08 elementor-align-left elementor-widget elementor-widget-bdevs-contact\" data-id=\"96a0e08\" data-element_type=\"widget\" data-e-type=\"widget\" data-widget_type=\"bdevs-contact.default\">\n\t\t\t\t<div class=\"elementor-widget-container\">\n\t\t\t\t\t\t\t<section class=\"contact-area pt-120 pb-90\">\r\n            <div class=\"container\">\r\n                <div class=\"row\">\r\n                \t \r\n                    <div class=\"col-xl-4 col-lg-4 col-md-6\">\r\n                        <div class=\"contacts-wrapper text-center mb-30\">\r\n                            <div class=\"contactss-icon\">\r\n                                <i class=\"fa fa-envelope\"><\/i>\r\n                            <\/div>\r\n                            <div class=\"contacts-text\">\r\n                                <h4>Consultas Generales<\/h4>\r\n                                <a class=\"text-white-70 font-size-15\" href=\"https:\/\/www.ilmlatam.com\/#\">desarrollo@ilmlatam.com<\/a>\n<br><br><br>                            <\/div>\r\n                        <\/div>\r\n                    <\/div>\r\n                \t \r\n                    <div class=\"col-xl-4 col-lg-4 col-md-6\">\r\n                        <div class=\"contacts-wrapper text-center mb-30\">\r\n                            <div class=\"contactss-icon\">\r\n                                <i class=\"fa fa-mobile\"><\/i>\r\n                            <\/div>\r\n                            <div class=\"contacts-text\">\r\n                                <h4>Tel\u00e9fono<\/h4>\r\n                                Contacto: (+51) 999 201 179\n\n<a class=\"contact-link\" href=\"https:\/\/wa.me\/51999201179\" target=\"_blank\" rel=\"noopener\">WhatsApp: (+51) 999 201 179<\/a>\n<br><br>                            <\/div>\r\n                        <\/div>\r\n                    <\/div>\r\n                \t \r\n                    <div class=\"col-xl-4 col-lg-4 col-md-6\">\r\n                        <div class=\"contacts-wrapper text-center mb-30\">\r\n                            <div class=\"contactss-icon\">\r\n                                <i class=\"fa fa-globe\"><\/i>\r\n                            <\/div>\r\n                            <div class=\"contacts-text\">\r\n                                <h4>Direcci\u00f3n<\/h4>\r\n                                <p><a href=\"https:\/\/maps.app.goo.gl\/cZqsfjJEe1LTgmps7\" target=\"_blank\" rel=\"noopener\">Calle Monte Rosa 233 Of. 605<\/a><\/p><p>Chacarilla - Santiago de Surco<\/p><p>Lima \u2013 Per\u00fa.<\/p>                            <\/div>\r\n                        <\/div>\r\n                    <\/div>\r\n                \t                <\/div>\r\n            <\/div>\r\n        <\/section>\r\n\t\t\t\t\t<\/div>\n\t\t\t\t<\/div>\n\t\t\t\t\t<\/div>\n\t\t<\/div>\n\t\t\t\t\t<\/div>\n\t\t<\/section>\n\t\t\t\t<section class=\"elementor-section elementor-top-section elementor-element elementor-element-9d83e1a elementor-section-full_width elementor-section-height-default elementor-section-height-default\" data-id=\"9d83e1a\" data-element_type=\"section\" data-e-type=\"section\">\n\t\t\t\t\t\t<div class=\"elementor-container elementor-column-gap-no\">\n\t\t\t\t\t<div class=\"elementor-column elementor-col-100 elementor-top-column elementor-element elementor-element-45448c7\" data-id=\"45448c7\" data-element_type=\"column\" data-e-type=\"column\">\n\t\t\t<div class=\"elementor-widget-wrap elementor-element-populated\">\n\t\t\t\t\t\t<div class=\"elementor-element elementor-element-b50616d elementor-align-left elementor-widget elementor-widget-bdevs-contact-form\" data-id=\"b50616d\" data-element_type=\"widget\" data-e-type=\"widget\" data-widget_type=\"bdevs-contact-form.default\">\n\t\t\t\t<div class=\"elementor-widget-container\">\n\t\t\t\t\t\t\t<div class=\"contact-us-area pt-115 pb-120\" style=\"background-image:url(https:\/\/www.ilmlatam.com\/demo\/wp-content\/uploads\/2021\/06\/01-4-1.jpg)\">\r\n            <div class=\"container\">\r\n                <div class=\"row\">\r\n                    <div class=\"col-xl-6 col-lg-6 offset-lg-3 offset-xl-3\">\r\n                        <div class=\"section-title white-title text-center mb-90\">\r\n                        \t                                                        <h2><h2>Completa tus datos y te contactaremos<\/h2>\r\n                                                    <\/div>\r\n                    <\/div>\r\n                <\/div>\r\n                <div class=\"row\">\r\n                    <div class=\"col-xl-12\">\r\n                        <style id=\"wpforms-css-vars-759\">\n\t\t\t\t#wpforms-759 {\n\t\t\t\t\n\t\t\t}\n\t\t\t<\/style><div class=\"wpforms-container wpforms-container-full wpforms-render-modern\" id=\"wpforms-759\"><form id=\"wpforms-form-759\" class=\"wpforms-validate wpforms-form wpforms-ajax-form\" data-formid=\"759\" method=\"post\" enctype=\"multipart\/form-data\" action=\"\/demo\/wp-json\/wp\/v2\/pages\/73\" data-token=\"2408cc7f75078edaffd91b1fbbffd69e\" data-token-time=\"1776386487\"><noscript class=\"wpforms-error-noscript\">Por favor, activa JavaScript en tu navegador para completar este formulario.<\/noscript><div id=\"wpforms-error-noscript\" style=\"display: none;\">Por favor, activa JavaScript en tu navegador para completar este formulario.<\/div><div class=\"wpforms-field-container\"><div id=\"wpforms-759-field_1-container\" class=\"wpforms-field wpforms-field-name\" data-field-id=\"1\"><label class=\"wpforms-field-label\" for=\"wpforms-759-field_1\">Nombre y Apellidos <span class=\"wpforms-required-label\" aria-hidden=\"true\">*<\/span><\/label><input type=\"text\" id=\"wpforms-759-field_1\" class=\"wpforms-field-medium wpforms-field-required\" name=\"wpforms[fields][1]\" aria-errormessage=\"wpforms-759-field_1-error\" required><\/div>\t\t<div id=\"wpforms-759-field_6-container\"\n\t\t\tclass=\"wpforms-field wpforms-field-text\"\n\t\t\tdata-field-type=\"text\"\n\t\t\tdata-field-id=\"6\"\n\t\t\t>\n\t\t\t<label class=\"wpforms-field-label\" for=\"wpforms-759-field_6\" >Correo Comentario y<\/label>\n\t\t\t<input type=\"text\" id=\"wpforms-759-field_6\" class=\"wpforms-field-medium\" name=\"wpforms[fields][6]\" >\n\t\t<\/div>\n\t\t<div id=\"wpforms-759-field_4-container\" class=\"wpforms-field wpforms-field-name\" data-field-id=\"4\"><label class=\"wpforms-field-label\" for=\"wpforms-759-field_4\">Empresa <span class=\"wpforms-required-label\" aria-hidden=\"true\">*<\/span><\/label><input type=\"text\" id=\"wpforms-759-field_4\" class=\"wpforms-field-medium wpforms-field-required\" name=\"wpforms[fields][4]\" aria-errormessage=\"wpforms-759-field_4-error\" required><\/div><div id=\"wpforms-759-field_5-container\" class=\"wpforms-field wpforms-field-name\" data-field-id=\"5\"><label class=\"wpforms-field-label\" for=\"wpforms-759-field_5\">Cargo <span class=\"wpforms-required-label\" aria-hidden=\"true\">*<\/span><\/label><input type=\"text\" id=\"wpforms-759-field_5\" class=\"wpforms-field-medium wpforms-field-required\" name=\"wpforms[fields][5]\" aria-errormessage=\"wpforms-759-field_5-error\" required><\/div><div id=\"wpforms-759-field_2-container\" class=\"wpforms-field wpforms-field-email\" data-field-id=\"2\"><label class=\"wpforms-field-label\" for=\"wpforms-759-field_2\">Correo electr\u00f3nico <span class=\"wpforms-required-label\" aria-hidden=\"true\">*<\/span><\/label><input type=\"email\" id=\"wpforms-759-field_2\" class=\"wpforms-field-medium wpforms-field-required\" name=\"wpforms[fields][2]\" spellcheck=\"false\" aria-errormessage=\"wpforms-759-field_2-error\" required><\/div><div id=\"wpforms-759-field_3-container\" class=\"wpforms-field wpforms-field-textarea\" data-field-id=\"3\"><label class=\"wpforms-field-label\" for=\"wpforms-759-field_3\">Comentario o mensaje<\/label><textarea id=\"wpforms-759-field_3\" class=\"wpforms-field-medium\" name=\"wpforms[fields][3]\" aria-errormessage=\"wpforms-759-field_3-error\" ><\/textarea><\/div><script>\n\t\t\t\t( function() {\n\t\t\t\t\tconst style = document.createElement( 'style' );\n\t\t\t\t\tstyle.appendChild( document.createTextNode( '#wpforms-759-field_6-container { position: absolute !important; overflow: hidden !important; display: inline !important; height: 1px !important; width: 1px !important; z-index: -1000 !important; padding: 0 !important; } #wpforms-759-field_6-container input { visibility: hidden; } #wpforms-conversational-form-page #wpforms-759-field_6-container label { counter-increment: none; }' ) );\n\t\t\t\t\tdocument.head.appendChild( style );\n\t\t\t\t\tdocument.currentScript?.remove();\n\t\t\t\t} )();\n\t\t\t<\/script><\/div><!-- .wpforms-field-container --><div class=\"wpforms-submit-container\" ><input type=\"hidden\" name=\"wpforms[id]\" value=\"759\"><input type=\"hidden\" name=\"page_title\" value=\"\"><input type=\"hidden\" name=\"page_url\" value=\"https:\/\/www.ilmlatam.com\/demo\/wp-json\/wp\/v2\/pages\/73\"><input type=\"hidden\" name=\"url_referer\" value=\"\"><button type=\"submit\" name=\"wpforms[submit]\" id=\"wpforms-submit-759\" class=\"wpforms-submit\" data-alt-text=\"Enviando...\" data-submit-text=\"Enviar\" aria-live=\"assertive\" value=\"wpforms-submit\">Enviar<\/button><img decoding=\"async\" src=\"https:\/\/www.ilmlatam.com\/demo\/wp-content\/plugins\/wpforms-lite\/assets\/images\/submit-spin.svg\" class=\"wpforms-submit-spinner\" style=\"display: none;\" width=\"26\" height=\"26\" alt=\"Cargando\"><\/div><\/form><\/div>  <!-- .wpforms-container -->                    <\/div>\r\n                <\/div>\r\n            <\/div>\r\n        <\/div>\r\n\t\t\t\t\t<\/div>\n\t\t\t\t<\/div>\n\t\t\t\t\t<\/div>\n\t\t<\/div>\n\t\t\t\t\t<\/div>\n\t\t<\/section>\n\t\t\t\t<section class=\"elementor-section elementor-top-section elementor-element elementor-element-255608c elementor-section-full_width elementor-section-height-default elementor-section-height-default\" data-id=\"255608c\" data-element_type=\"section\" data-e-type=\"section\">\n\t\t\t\t\t\t<div class=\"elementor-container elementor-column-gap-no\">\n\t\t\t\t\t<div class=\"elementor-column elementor-col-100 elementor-top-column elementor-element elementor-element-9efc015\" data-id=\"9efc015\" data-element_type=\"column\" data-e-type=\"column\">\n\t\t\t<div class=\"elementor-widget-wrap elementor-element-populated\">\n\t\t\t\t\t\t<div class=\"elementor-element elementor-element-d8af2cc elementor-widget elementor-widget-google_maps\" data-id=\"d8af2cc\" data-element_type=\"widget\" data-e-type=\"widget\" data-widget_type=\"google_maps.default\">\n\t\t\t\t<div class=\"elementor-widget-container\">\n\t\t\t\t\t\t\t<div class=\"elementor-custom-embed\">\n\t\t\t<iframe loading=\"lazy\"\n\t\t\t\t\tsrc=\"https:\/\/maps.google.com\/maps?q=lima%2C%20santiago%20de%20surco%2CILM%20latam%20%20C.%20Monte%20Rosa%20233%2C%20Santiago%20de%20Surco%2015038&#038;t=m&#038;z=18&#038;output=embed&#038;iwloc=near\"\n\t\t\t\t\ttitle=\"lima, santiago de surco,ILM latam  C. Monte Rosa 233, Santiago de Surco 15038\"\n\t\t\t\t\taria-label=\"lima, santiago de surco,ILM latam  C. Monte Rosa 233, Santiago de Surco 15038\"\n\t\t\t><\/iframe>\n\t\t<\/div>\n\t\t\t\t\t\t<\/div>\n\t\t\t\t<\/div>\n\t\t\t\t\t<\/div>\n\t\t<\/div>\n\t\t\t\t\t<\/div>\n\t\t<\/section>\n\t\t\t\t<\/div>\n\t\t","protected":false},"excerpt":{"rendered":"<p>Conversemos \u00a1Estamos emocionados de conectar contigo y explorar c\u00f3mo podemos colaborar! Consultas Generales desarrollo@ilmlatam.com Tel\u00e9fono Contacto: (+51) 999 201 179 WhatsApp: (+51) 999 201 179 Direcci\u00f3n Calle Monte Rosa 233 Of. 605Chacarilla &#8211; Santiago de SurcoLima \u2013 Per\u00fa. Completa tus datos y te contactaremos Por favor, activa JavaScript en tu navegador para completar este formulario.Por [&hellip;]<\/p>\n","protected":false},"author":1,"featured_media":0,"parent":0,"menu_order":0,"comment_status":"closed","ping_status":"closed","template":"page-templates\/page-builder.php","meta":{"inline_featured_image":false,"_monsterinsights_skip_tracking":false,"_monsterinsights_sitenote_active":false,"_monsterinsights_sitenote_note":"","_monsterinsights_sitenote_category":0,"_joinchat":[],"footnotes":""},"class_list":["post-73","page","type-page","status-publish","hentry"],"aioseo_notices":[],"_links":{"self":[{"href":"https:\/\/www.ilmlatam.com\/demo\/wp-json\/wp\/v2\/pages\/73","targetHints":{"allow":["GET"]}}],"collection":[{"href":"https:\/\/www.ilmlatam.com\/demo\/wp-json\/wp\/v2\/pages"}],"about":[{"href":"https:\/\/www.ilmlatam.com\/demo\/wp-json\/wp\/v2\/types\/page"}],"author":[{"embeddable":true,"href":"https:\/\/www.ilmlatam.com\/demo\/wp-json\/wp\/v2\/users\/1"}],"replies":[{"embeddable":true,"href":"https:\/\/www.ilmlatam.com\/demo\/wp-json\/wp\/v2\/comments?post=73"}],"version-history":[{"count":43,"href":"https:\/\/www.ilmlatam.com\/demo\/wp-json\/wp\/v2\/pages\/73\/revisions"}],"predecessor-version":[{"id":4128,"href":"https:\/\/www.ilmlatam.com\/demo\/wp-json\/wp\/v2\/pages\/73\/revisions\/4128"}],"wp:attachment":[{"href":"https:\/\/www.ilmlatam.com\/demo\/wp-json\/wp\/v2\/media?parent=73"}],"curies":[{"name":"wp","href":"https:\/\/api.w.org\/{rel}","templated":true}]}}